by 26?
23
Calculate the remainder when 4596 is divided by 21.
18
What is the remainder when 131 is divided by 52?
27
Calculate the remainder when 44 is divided by 23.
21
Calculate the remainder when 3130 is divided by 349.
338
Calculate the remainder when 1074 is divided by 346.
36
What is the remainder when 4969 is divided by 311?
304
What is the remainder when 915 is divided by 58?
45
What is the remainder when 1155 is divided by 260?
115
Calculate the remainder when 1282 is divided by 165.
127
Calculate the remainder when 2474 is divided by 2472.
2
What is the remainder when 22621 is divided by 17?
11
What is the remainder when 680 is divided by 36?
32
Calculate the remainder when 108 is divided by 22.
20
Calculate the remainder when 449 is divided by 113.
110
What is the remainder when 234 is divided by 49?
38
What is the remainder when 189 is divided by 14?
7
Calculate the remainder when 1057 is divided by 20.
17
Calculate the remainder when 139 is divided by 52.
35
What is the remainder when 1858 is divided by 186?
184
Calculate the remainder when 39 is divided by 23.
16
Calculate the remainder when 85 is divided by 27.
4
Calculate the remainder when 1813 is divided by 20.
13
What is the remainder when 19137 is divided by 66?
63
Calculate the remainder when 16655 is divided by 9.
5
What is the remainder when 193 is divided by 37?
8
Calculate the remainder when 273 is divided by 64.
17
Calculate the remainder when 3803 is divided by 12.
11
What is the remainder when 273 is divided by 44?
9
Calculate the remainder when 373 is divided by 124.
1
What is the remainder when 2646 is divided by 296?
278
What is the remainder when 452 is divided by 50?
2
What is the remainder when 433 is divided by 80?
33
Calculate the remainder when 137 is divided by 43.
8
Calculate the remainder when 226 is divided by 77.
72
What is the remainder when 621 is divided by 129?
105
What is the remainder when 1364 is divided by 72?
68
What is the remainder when 199 is divided by 42?
31
What is the remainder when 575 is divided by 282?
11
What is the remainder when 778 is divided by 378?
22
What is the remainder when 575 is divided by 58?
53
What is the remainder when 1396 is divided by 28?
24
Calculate the remainder when 483 is divided by 54.
51
What is the remainder when 6675 is divided by 63?
60
What is the remainder when 3157 is divided by 79?
76
Calculate the remainder when 107 is divided by 32.
11
Calculate the remainder when 1028 is divided by 355.
318
What is the remainder when 43 is divided by 11?
10
What is the remainder when 195 is divided by 65?
0
Calculate the remainder when 50472 is divided by 15.
12
Calculate the remainder when 787 is divided by 10.
7
What is the remainder when 2830 is divided by 2820?
10
Calculate the remainder when 56 is divided by 11.
1
What is the remainder when 2562 is divided by 2?
0
What is the remainder when 1487 is divided by 389?
320
What is the remainder when 481 is divided by 161?
159
What is the remainder when 7792 is divided by 18?
16
What is the remainder when 547 is divided by 133?
15
Calculate the remainder when 886 is divided by 16.
6
Calculate the remainder when 5306 is divided by 12.
2
Calculate the remainder when 199 is divided by 29.
25
Calculate the remainder when 669 is divided by 26.
19
Calculate the remainder when 18 is divided by 13.
5
What is the remainder when 1458 is divided by 360?
18
Calculate the remainder when 54 is divided by 21.
12
Calculate the remainder when 8086 is divided by 238.
232
What is the remainder when 6208 is divided by 46?
44
What is the remainder when 2382 is divided by 54?
6
Calculate the remainder when 20 is divided by 4.
0
What is the remainder when 135 is divided by 38?
21
What is the remainder when 106 is divided by 80?
26
What is the remainder when 525 is divided by 24?
21
Calculate the remainder when 537 is divided by 109.
101
Calculate the remainder when 154 is divided by 28.
14
What is the remainder when 174 is divided by 84?
6
Calculate the remainder when 333 is divided by 28.
25
What is the remainder when 553 is divided by 108?
13
Calculate the remainder when 564 is divided by 63.
60
Calculate the remainder when 4141 is divided by 28.
25
What is the remainder when 5531 is divided by 32?
27
What is the remainder when 194 is divided by 93?
8
Calculate the remainder when 2554 is divided by 5.
4
What is the remainder when 368 is divided by 7?
4
What is the remainder when 1243 is divided by 407?
22
Calculate the remainder when 315 is divided by 11.
7
Calculate the remainder when 29293 is divided by 24.
13
Calculate the remainder when 86 is divided by 42.
2
Calculate the remainder when 809 is divided by 196.
25
What is the remainder when 334 is divided by 85?
79
Calculate the remainder when 59 is divided by 6.
5
Calculate the remainder when 1812 is divided by 601.
9
Calculate the remainder when 549 is divided by 110.
109
Calculate the remainder when 143 is divided by 53.
37
What is the remainder when 263 is divided by 109?
45
Calculate the remainder when 447 is divided by 102.
39
Calculate the remainder when 906 is divided by 10.
6
Calculate the remainder when 20250 is divided by 19.
15
Calculate the remainder when 1163 is divided by 98.
85
What is the remainder when 33 is divided by 9?
6
What is the remainder when 4923 is divided by 17?
10
What is the remainder when 474 is divided by 120?
114
Calculate the remainder when 1567 is divided by 25.
17
What is the remainder when 167 is divided by 34?
31
Calculate the remainder when 367 is divided by 139.
89
Calculate the remainder when 4481 is divided by 249.
248
What is the remainder when 42 is divided by 8?
2
What is the remainder when 152 is divided by 31?
28
Calculate the remainder when 6627 is divided by 15.
12
Calculate the remainder when 130 is divided by 20.
10
Calculate the remainder when 1491 is divided by 25.
16
Calculate the remainder when 235 is divided by 96.
43
Calculate the remainder when 8871 is divided by 17.
14
Calculate the remainder when 50 is divided by 43.
7
Calculate the remainder when 245 is divided by 124.
121
Calculate the remainder when 7696 is divided by 32.
16
Calculate the remainder when 1424 is divided by 79.
2
Calculate the remainder when 167 is divided by 62.
43
Calculate the remainder when 57 is divided by 17.
6
Calculate the remainder when 1183 is divided by 65.
13
Calculate the remainder when 1122 is divided by 312.
186
What is the remainder when 795 is divided by 162?
147
What is the remainder when 2011 is divided by 48?
43
Calculate the remainder when 352 is divided by 114.
10
What is the remainder when 152 is divided by 14?
12
Calculate the remainder when 864 is divided by 214.
8
What is the remainder when 65 is divided by 11?
10
What is the remainder when 131 is divided by 89?
42
What is the remainder when 71 is divided by 6?
5
What is the remainder when 415 is divided by 35?
30
Calculate the remainder when 666 is divided by 223.
220
What is the remainder when 418 is divided by 106?
100
What is the remainder when 3525 is divided by 147?
144
What is the remainder when 1559 is divided by 104?
103
What is the remainder when 270 is divided by 250?
20
What is the remainder when 380 is divided by 372?
8
Calculate the remainder when 398 is divided by 8.
6
What is the remainder when 377 is divided by 84?
41
Calculate the remainder when 1223 is divided by 338.
209
What is the remainder when 346 is divided by 190?
156
What is the remainder when 68 is divided by 30?
8
Calculate the remainder when 20271 is divided by 19.
17
Calculate the remainder when 352 is divided by 4.
0
Calculate the remainder when 2344 is divided by 118.
102
What is the remainder when 1673 is divided by 54?
53
Calculate the remainder when 354 is divided by 77.
46
Calculate the remainder when 136 is divided by 39.
19
Calculate the remainder when 1921 is divided by 125.
46
Calculate the remainder when 86 is divided by 35.
16
What is the remainder when 114 is divided by 23?
22
What is the remainder when 100 is divided by 13?
9
Calculate the remainder when 410 is divided by 69.
65
Calculate the remainder when 157 is divided by 64.
29
What is the remainder when 148 is divided by 49?
1
Calculate the remainder when 86 is divided by 22.
